{"id":31,"date":"2017-07-11T06:30:11","date_gmt":"2017-07-11T06:30:11","guid":{"rendered":"https:\/\/websitedemos.net\/astra-lite-demo-4\/?page_id=13"},"modified":"2021-07-11T14:25:16","modified_gmt":"2021-07-11T14:25:16","slug":"programa","status":"publish","type":"page","link":"https:\/\/encuentro.ecotopia.es\/?page_id=31","title":{"rendered":"Programa"},"content":{"rendered":"\t\t<div data-elementor-type=\"wp-post\" data-elementor-id=\"31\" class=\"elementor elementor-31\">\n\t\t\t\t\t\t<section class=\"elementor-section elementor-top-section elementor-element elementor-element-3fj232u elementor-section-boxed elementor-section-height-default elementor-section-height-default\" data-id=\"3fj232u\" data-element_type=\"section\" data-e-type=\"section\" data-settings=\"{&quot;background_background&quot;:&quot;classic&quot;}\">\n\t\t\t\t\t\t\t<div class=\"elementor-background-overlay\"><\/div>\n\t\t\t\t\t\t\t<div class=\"elementor-container elementor-column-gap-default\">\n\t\t\t\t\t<div class=\"elementor-column elementor-col-100 elementor-top-column elementor-element elementor-element-je5ht8l\" data-id=\"je5ht8l\" data-element_type=\"column\" data-e-type=\"column\">\n\t\t\t<div class=\"elementor-widget-wrap elementor-element-populated\">\n\t\t\t\t\t\t<section class=\"elementor-section elementor-inner-section elementor-element elementor-element-e90c5e1 elementor-section-boxed elementor-section-height-default elementor-section-height-default\" data-id=\"e90c5e1\" data-element_type=\"section\" data-e-type=\"section\">\n\t\t\t\t\t\t<div class=\"elementor-container elementor-column-gap-default\">\n\t\t\t\t\t<div class=\"elementor-column elementor-col-33 elementor-inner-column elementor-element elementor-element-bc07b22\" data-id=\"bc07b22\" data-element_type=\"column\" data-e-type=\"column\">\n\t\t\t<div class=\"elementor-widget-wrap\">\n\t\t\t\t\t\t\t<\/div>\n\t\t<\/div>\n\t\t\t\t<div class=\"elementor-column elementor-col-33 elementor-inner-column elementor-element elementor-element-fd29235\" data-id=\"fd29235\" data-element_type=\"column\" data-e-type=\"column\">\n\t\t\t<div class=\"elementor-widget-wrap elementor-element-populated\">\n\t\t\t\t\t\t<div class=\"elementor-element elementor-element-d8ced04 elementor-widget elementor-widget-heading\" data-id=\"d8ced04\" data-element_type=\"widget\" data-e-type=\"widget\" data-widget_type=\"heading.default\">\n\t\t\t\t<div class=\"elementor-widget-container\">\n\t\t\t\t\t<h2 class=\"elementor-heading-title elementor-size-default\">PROGRAMA<\/h2>\t\t\t\t<\/div>\n\t\t\t\t<\/div>\n\t\t\t\t\t<\/div>\n\t\t<\/div>\n\t\t\t\t<div class=\"elementor-column elementor-col-33 elementor-inner-column elementor-element elementor-element-5b000bf\" data-id=\"5b000bf\" data-element_type=\"column\" data-e-type=\"column\">\n\t\t\t<div class=\"elementor-widget-wrap\">\n\t\t\t\t\t\t\t<\/div>\n\t\t<\/div>\n\t\t\t\t\t<\/div>\n\t\t<\/section>\n\t\t\t\t\t<\/div>\n\t\t<\/div>\n\t\t\t\t\t<\/div>\n\t\t<\/section>\n\t\t\t\t<section class=\"elementor-section elementor-top-section elementor-element elementor-element-29d55a5 elementor-section-boxed elementor-section-height-default elementor-section-height-default\" data-id=\"29d55a5\" data-element_type=\"section\" data-e-type=\"section\">\n\t\t\t\t\t\t<div class=\"elementor-container elementor-column-gap-default\">\n\t\t\t\t\t<div class=\"elementor-column elementor-col-100 elementor-top-column elementor-element elementor-element-a190abb\" data-id=\"a190abb\" data-element_type=\"column\" data-e-type=\"column\">\n\t\t\t<div class=\"elementor-widget-wrap elementor-element-populated\">\n\t\t\t\t\t\t<div class=\"elementor-element elementor-element-62695b2 elementor-widget elementor-widget-spacer\" data-id=\"62695b2\" data-element_type=\"widget\" data-e-type=\"widget\" data-widget_type=\"spacer.default\">\n\t\t\t\t<div class=\"elementor-widget-container\">\n\t\t\t\t\t\t\t<div class=\"elementor-spacer\">\n\t\t\t<div class=\"elementor-spacer-inner\"><\/div>\n\t\t<\/div>\n\t\t\t\t\t\t<\/div>\n\t\t\t\t<\/div>\n\t\t\t\t\t<\/div>\n\t\t<\/div>\n\t\t\t\t\t<\/div>\n\t\t<\/section>\n\t\t\t\t<section class=\"elementor-section elementor-top-section elementor-element elementor-element-7f82592 elementor-section-boxed elementor-section-height-default elementor-section-height-default\" data-id=\"7f82592\" data-element_type=\"section\" data-e-type=\"section\" data-settings=\"{&quot;background_background&quot;:&quot;classic&quot;}\">\n\t\t\t\t\t\t<div class=\"elementor-container elementor-column-gap-default\">\n\t\t\t\t\t<div class=\"elementor-column elementor-col-33 elementor-top-column elementor-element elementor-element-de31f36\" data-id=\"de31f36\" data-element_type=\"column\" data-e-type=\"column\">\n\t\t\t<div class=\"elementor-widget-wrap elementor-element-populated\">\n\t\t\t\t\t\t<div class=\"elementor-element elementor-element-71f1d7a elementor-widget elementor-widget-text-editor\" data-id=\"71f1d7a\" data-element_type=\"widget\" data-e-type=\"widget\" data-widget_type=\"text-editor.default\">\n\t\t\t\t<div class=\"elementor-widget-container\">\n\t\t\t\t\t\t\t\t\t<ul><li>Claves para entrar en el Juego de LA SALIDA (del Tiempo Mundo) y en el Juego del LUGAR (Isla Ecotop\u00eda)<\/li><li>Principios b\u00e1sicos de la comunicaci\u00f3n grupal en una ecoaldea<\/li><li>Creando el reciclado de las aguas grises<\/li><li>La autogesti\u00f3n de la salud desde la Nutrici\u00f3n Simbi\u00f3tica<\/li><li>La autonom\u00eda energ\u00e9tica por fuentes renovables<\/li><li>Conocer muchos estilos de bioconstrucci\u00f3n (piedra, barro, paja, cal, madera\u2026)<\/li><li>La autonom\u00eda energ\u00e9tica por fuentes renovables<\/li><li style=\"font-size: 16px;\">Permacultura y Agricultura Regenerativa<\/li><li style=\"font-size: 16px;\">La Microbi\u00f3tica del h\u00e1bitat<\/li><\/ul>\t\t\t\t\t\t\t\t<\/div>\n\t\t\t\t<\/div>\n\t\t\t\t\t<\/div>\n\t\t<\/div>\n\t\t\t\t<div class=\"elementor-column elementor-col-33 elementor-top-column elementor-element elementor-element-37daa93\" data-id=\"37daa93\" data-element_type=\"column\" data-e-type=\"column\">\n\t\t\t<div class=\"elementor-widget-wrap elementor-element-populated\">\n\t\t\t\t\t\t<div class=\"elementor-element elementor-element-8858dd9 elementor-widget elementor-widget-text-editor\" data-id=\"8858dd9\" data-element_type=\"widget\" data-e-type=\"widget\" data-widget_type=\"text-editor.default\">\n\t\t\t\t<div class=\"elementor-widget-container\">\n\t\t\t\t\t\t\t\t\t<ul><li>Recetas de alimentos fermentados y crudiveganos<\/li><li>Fiestas y veladas m\u00e1gicas en la Taberna de Zenx<\/li><li>Meditaci\u00f3n YoNosGea<\/li><li>C\u00f3mo neutralizar el Lado Activo de la Sombra<\/li><li>Iniciaci\u00f3n en el Mmovimiento Grround de los 7 Rayos<\/li><li>Ba\u00f1os diarios en el r\u00edo GON y excursiones a lugares sagrados<\/li><li>El Poder de los MR (Microorganismos Regeneradores) para salvar el mundo<\/li><li>El Cubo del Tesoro. Como transformar los residuos org\u00e1nicos de la cocina en un s\u00faper compost fermentado<\/li><li><span style=\"font-size: 16px;\">Esencias y aceites vegetales: Desde la planta al alambique<\/span><\/li><\/ul>\t\t\t\t\t\t\t\t<\/div>\n\t\t\t\t<\/div>\n\t\t\t\t\t<\/div>\n\t\t<\/div>\n\t\t\t\t<div class=\"elementor-column elementor-col-33 elementor-top-column elementor-element elementor-element-30d8b91\" data-id=\"30d8b91\" data-element_type=\"column\" data-e-type=\"column\">\n\t\t\t<div class=\"elementor-widget-wrap elementor-element-populated\">\n\t\t\t\t\t\t<div class=\"elementor-element elementor-element-a3ef8e3 elementor-widget elementor-widget-text-editor\" data-id=\"a3ef8e3\" data-element_type=\"widget\" data-e-type=\"widget\" data-widget_type=\"text-editor.default\">\n\t\t\t\t<div class=\"elementor-widget-container\">\n\t\t\t\t\t\t\t\t\t<ul><li>Introducci\u00f3n a la fitoterapia fermentativa<\/li><li>RUH. Remedio Universal Homeop\u00e1tico<\/li><li>Cuentos de poder para la transformaci\u00f3n interior<\/li><li>El C\u00edrculo del Ma\u00edz Azul y las profec\u00edas HOPI de los \u00faltimos tiempos<\/li><li>PsiBody. Despertando el Movimiento Universal en las C\u00e9lulas<\/li><li>Ba\u00f1os diarios en las piscinas naturales del r\u00edo GON<\/li><li>Excursiones a lugares sagrados del Juego del Lugar<\/li><li>La Taberna de Zenx: Arte, m\u00fasica, humor, performance, magia, teatro m\u00e1gico<\/li><\/ul>\t\t\t\t\t\t\t\t<\/div>\n\t\t\t\t<\/div>\n\t\t\t\t\t<\/div>\n\t\t<\/div>\n\t\t\t\t\t<\/div>\n\t\t<\/section>\n\t\t\t\t<section class=\"elementor-section elementor-top-section elementor-element elementor-element-f6c0ec2 elementor-section-boxed elementor-section-height-default elementor-section-height-default\" data-id=\"f6c0ec2\" data-element_type=\"section\" data-e-type=\"section\">\n\t\t\t\t\t\t<div class=\"elementor-container elementor-column-gap-default\">\n\t\t\t\t\t<div class=\"elementor-column elementor-col-100 elementor-top-column elementor-element elementor-element-d6a04b3\" data-id=\"d6a04b3\" data-element_type=\"column\" data-e-type=\"column\">\n\t\t\t<div class=\"elementor-widget-wrap elementor-element-populated\">\n\t\t\t\t\t\t<div class=\"elementor-element elementor-element-951bfbf elementor-widget elementor-widget-spacer\" data-id=\"951bfbf\" data-element_type=\"widget\" data-e-type=\"widget\" data-widget_type=\"spacer.default\">\n\t\t\t\t<div class=\"elementor-widget-container\">\n\t\t\t\t\t\t\t<div class=\"elementor-spacer\">\n\t\t\t<div class=\"elementor-spacer-inner\"><\/div>\n\t\t<\/div>\n\t\t\t\t\t\t<\/div>\n\t\t\t\t<\/div>\n\t\t\t\t<div class=\"elementor-element elementor-element-b2b667a elementor-widget elementor-widget-heading\" data-id=\"b2b667a\" data-element_type=\"widget\" data-e-type=\"widget\" data-widget_type=\"heading.default\">\n\t\t\t\t<div class=\"elementor-widget-container\">\n\t\t\t\t\t<h2 class=\"elementor-heading-title elementor-size-default\">COMIDAS<\/h2>\t\t\t\t<\/div>\n\t\t\t\t<\/div>\n\t\t\t\t\t<\/div>\n\t\t<\/div>\n\t\t\t\t\t<\/div>\n\t\t<\/section>\n\t\t\t\t<section class=\"elementor-section elementor-top-section elementor-element elementor-element-c056e3b elementor-section-boxed elementor-section-height-default elementor-section-height-default\" data-id=\"c056e3b\" data-element_type=\"section\" data-e-type=\"section\">\n\t\t\t\t\t\t<div class=\"elementor-container elementor-column-gap-default\">\n\t\t\t\t\t<div class=\"elementor-column elementor-col-33 elementor-top-column elementor-element elementor-element-11d8d16\" data-id=\"11d8d16\" data-element_type=\"column\" data-e-type=\"column\">\n\t\t\t<div class=\"elementor-widget-wrap elementor-element-populated\">\n\t\t\t\t\t\t<div class=\"elementor-element elementor-element-2dad83f elementor-widget elementor-widget-text-editor\" data-id=\"2dad83f\" data-element_type=\"widget\" data-e-type=\"widget\" data-widget_type=\"text-editor.default\">\n\t\t\t\t<div class=\"elementor-widget-container\">\n\t\t\t\t\t\t\t\t\t<p>Se mantendr\u00e1 una dieta depurativa vegana de muchos l\u00edquidos, clorofila, batidos\u2026 y dos comidas s\u00f3lidas\u00a0<span style=\"font-size: 16px;\">diarias.<\/span><\/p>\t\t\t\t\t\t\t\t<\/div>\n\t\t\t\t<\/div>\n\t\t\t\t\t<\/div>\n\t\t<\/div>\n\t\t\t\t<div class=\"elementor-column elementor-col-33 elementor-top-column elementor-element elementor-element-49a816e\" data-id=\"49a816e\" data-element_type=\"column\" data-e-type=\"column\">\n\t\t\t<div class=\"elementor-widget-wrap elementor-element-populated\">\n\t\t\t\t\t\t<div class=\"elementor-element elementor-element-37e9a6a elementor-widget elementor-widget-text-editor\" data-id=\"37e9a6a\" data-element_type=\"widget\" data-e-type=\"widget\" data-widget_type=\"text-editor.default\">\n\t\t\t\t<div class=\"elementor-widget-container\">\n\t\t\t\t\t\t\t\t\t<p style=\"margin-left: 0.64cm; margin-bottom: 0.35cm;\"><span style=\"font-size: 16px; font-style: normal; font-weight: 600;\">No existir\u00e1n alimentos procesados o precocinados, con aditivos, con gluten, ni soja sin fermentar, que\u00a0<\/span><span style=\"font-size: 16px; font-style: normal; font-weight: 600;\">puedan generar al\u00e9rgenos a personas cel\u00edacas o con Sensibilidad Qu\u00edmica M\u00faltiple (SQM).<\/span><\/p>\t\t\t\t\t\t\t\t<\/div>\n\t\t\t\t<\/div>\n\t\t\t\t\t<\/div>\n\t\t<\/div>\n\t\t\t\t<div class=\"elementor-column elementor-col-33 elementor-top-column elementor-element elementor-element-7a03780\" data-id=\"7a03780\" data-element_type=\"column\" data-e-type=\"column\">\n\t\t\t<div class=\"elementor-widget-wrap elementor-element-populated\">\n\t\t\t\t\t\t<div class=\"elementor-element elementor-element-1db330a elementor-widget elementor-widget-text-editor\" data-id=\"1db330a\" data-element_type=\"widget\" data-e-type=\"widget\" data-widget_type=\"text-editor.default\">\n\t\t\t\t<div class=\"elementor-widget-container\">\n\t\t\t\t\t\t\t\t\t<p style=\"margin-left: 0.64cm; margin-bottom: 0.35cm;\"><span style=\"font-size: 16px; font-style: normal; font-weight: 600;\">Las bebidas ser\u00e1n sin alcohol, con una amplia gama de bebidas fermentadas (kombucha, kvass, k\u00e9fir de\u00a0<\/span><span style=\"font-size: 16px; font-style: normal; font-weight: 600;\">agua\u2026) que elevar\u00e1n la energ\u00eda de los participantes sin deteriorar sus metabolismo y sistema nervioso.<\/span>\u00a0<\/p>\t\t\t\t\t\t\t\t<\/div>\n\t\t\t\t<\/div>\n\t\t\t\t\t<\/div>\n\t\t<\/div>\n\t\t\t\t\t<\/div>\n\t\t<\/section>\n\t\t\t\t<section class=\"elementor-section elementor-top-section elementor-element elementor-element-b3b12fa elementor-section-boxed elementor-section-height-default elementor-section-height-default\" data-id=\"b3b12fa\" data-element_type=\"section\" data-e-type=\"section\" data-settings=\"{&quot;background_background&quot;:&quot;classic&quot;}\">\n\t\t\t\t\t\t<div class=\"elementor-container elementor-column-gap-default\">\n\t\t\t\t\t<div class=\"elementor-column elementor-col-100 elementor-top-column elementor-element elementor-element-5d85211\" data-id=\"5d85211\" data-element_type=\"column\" data-e-type=\"column\">\n\t\t\t<div class=\"elementor-widget-wrap elementor-element-populated\">\n\t\t\t\t\t\t<div class=\"elementor-element elementor-element-627e851 elementor-widget elementor-widget-text-editor\" data-id=\"627e851\" data-element_type=\"widget\" data-e-type=\"widget\" data-widget_type=\"text-editor.default\">\n\t\t\t\t<div class=\"elementor-widget-container\">\n\t\t\t\t\t\t\t\t\t<p style=\"text-align: center;\"><i>\u00a1NO SE ADMITIR\u00c1 GENTE VACUNADA NI CON MASCARILLA!<\/i><\/p><p style=\"text-align: center;\"><span style=\"font-size: 16px; font-style: normal; font-weight: 600;\">RECOMENDACIONES PREVIAS\u2026<br><\/span><span style=\"font-size: 16px;\">Se pide no usar el m\u00f3vil durante el d\u00eda y las actividades. No traer velas ni pretender encenderlas en las instalaciones del Molino.&nbsp;<br><\/span><span style=\"font-size: 16px;\">No se admiten drogas legales como el alcohol u otras ilegales.<br><\/span><span style=\"font-size: 16px;\">Tampoco podemos acoger a ni\u00f1os ni mascotas, debido a la limitaci\u00f3n de las instalaciones..<\/span><\/p>\t\t\t\t\t\t\t\t<\/div>\n\t\t\t\t<\/div>\n\t\t\t\t\t<\/div>\n\t\t<\/div>\n\t\t\t\t\t<\/div>\n\t\t<\/section>\n\t\t\t\t<\/div>\n\t\t","protected":false},"excerpt":{"rendered":"<p>PROGRAMA Claves para entrar en el Juego de LA SALIDA (del Tiempo Mundo) y en el Juego del LUGAR (Isla Ecotop\u00eda) Principios b\u00e1sicos de la comunicaci\u00f3n grupal en una ecoaldea Creando el reciclado de las aguas grises La autogesti\u00f3n de la salud desde la Nutrici\u00f3n Simbi\u00f3tica La autonom\u00eda energ\u00e9tica por fuentes renovables Conocer muchos estilos [&hellip;]<\/p>\n","protected":false},"author":1,"featured_media":0,"parent":0,"menu_order":0,"comment_status":"closed","ping_status":"closed","template":"","meta":{"site-sidebar-layout":"no-sidebar","site-content-layout":"page-builder","ast-site-content-layout":"default","site-content-style":"default","site-sidebar-style":"default","ast-global-header-display":"","ast-banner-title-visibility":"","ast-main-header-display":"","ast-hfb-above-header-display":"","ast-hfb-below-header-display":"","ast-hfb-mobile-header-display":"","site-post-title":"disabled","ast-breadcrumbs-content":"","ast-featured-img":"disabled","footer-sml-layout":"","ast-disable-related-posts":"","theme-transparent-header-meta":"","adv-header-id-meta":"","stick-header-meta":"","header-above-stick-meta":"","header-main-stick-meta":"","header-below-stick-meta":"","astra-migrate-meta-layouts":"default","ast-page-background-enabled":"default","ast-page-background-meta":{"desktop":{"background-color":"","background-image":"","background-repeat":"repeat","background-position":"center center","background-size":"auto","background-attachment":"scroll","background-type":"","background-media":"","overlay-type":"","overlay-color":"","overlay-opacity":"","overlay-gradient":""},"tablet":{"background-color":"","background-image":"","background-repeat":"repeat","background-position":"center center","background-size":"auto","background-attachment":"scroll","background-type":"","background-media":"","overlay-type":"","overlay-color":"","overlay-opacity":"","overlay-gradient":""},"mobile":{"background-color":"","background-image":"","background-repeat":"repeat","background-position":"center center","background-size":"auto","background-attachment":"scroll","background-type":"","background-media":"","overlay-type":"","overlay-color":"","overlay-opacity":"","overlay-gradient":""}},"ast-content-background-meta":{"desktop":{"background-color":"var(--ast-global-color-5)","background-image":"","background-repeat":"repeat","background-position":"center center","background-size":"auto","background-attachment":"scroll","background-type":"","background-media":"","overlay-type":"","overlay-color":"","overlay-opacity":"","overlay-gradient":""},"tablet":{"background-color":"var(--ast-global-color-5)","background-image":"","background-repeat":"repeat","background-position":"center center","background-size":"auto","background-attachment":"scroll","background-type":"","background-media":"","overlay-type":"","overlay-color":"","overlay-opacity":"","overlay-gradient":""},"mobile":{"background-color":"var(--ast-global-color-5)","background-image":"","background-repeat":"repeat","background-position":"center center","background-size":"auto","background-attachment":"scroll","background-type":"","background-media":"","overlay-type":"","overlay-color":"","overlay-opacity":"","overlay-gradient":""}},"footnotes":""},"class_list":["post-31","page","type-page","status-publish","hentry"],"_links":{"self":[{"href":"https:\/\/encuentro.ecotopia.es\/index.php?rest_route=\/wp\/v2\/pages\/31","targetHints":{"allow":["GET"]}}],"collection":[{"href":"https:\/\/encuentro.ecotopia.es\/index.php?rest_route=\/wp\/v2\/pages"}],"about":[{"href":"https:\/\/encuentro.ecotopia.es\/index.php?rest_route=\/wp\/v2\/types\/page"}],"author":[{"embeddable":true,"href":"https:\/\/encuentro.ecotopia.es\/index.php?rest_route=\/wp\/v2\/users\/1"}],"replies":[{"embeddable":true,"href":"https:\/\/encuentro.ecotopia.es\/index.php?rest_route=%2Fwp%2Fv2%2Fcomments&post=31"}],"version-history":[{"count":20,"href":"https:\/\/encuentro.ecotopia.es\/index.php?rest_route=\/wp\/v2\/pages\/31\/revisions"}],"predecessor-version":[{"id":1415,"href":"https:\/\/encuentro.ecotopia.es\/index.php?rest_route=\/wp\/v2\/pages\/31\/revisions\/1415"}],"wp:attachment":[{"href":"https:\/\/encuentro.ecotopia.es\/index.php?rest_route=%2Fwp%2Fv2%2Fmedia&parent=31"}],"curies":[{"name":"wp","href":"https:\/\/api.w.org\/{rel}","templated":true}]}}